culate n(5).
6
Let a(x) = x**2 - 17166*x - 326469. Give a(-19).
46
Let v(k) = -2279*k - 243896. Give v(-107).
-43
Let r(w) = -w**3 + 19*w**2 - 14*w - 507. Calculate r(19).
-773
Let i(f) = 733*f + 83395. What is i(-113)?
566
Let c(m) = 6*m**2 + 2961*m + 44280. What is c(-478)?
-174
Let w(k) = -k**3 + 37*k**2 + 273*k - 11942. What is w(34)?
808
Let v(m) = -410*m - 487. Give v(-1).
-77
Let f(a) = 2*a**2 + 170*a + 2227. What is f(-16)?
19
Let m(q) = 14*q**3 - 4631*q**2 - 997*q + 1306. Give m(331).
-18
Let t(s) = s**3 - 146*s**2 + 127*s - 2876. What is t(145)?
-5486
Let t(s) = 17837*s**2 + 1819374*s - 5. What is t(-102)?
-5
Let l(b) = -9867*b + 3177221. What is l(322)?
47
Let m(s) = -2*s**3 - 226*s**2 + 1190*s + 1011. Give m(-118).
-169
Let b(v) = -16*v**3 + 323*v**2 - 76*v + 337. Determine b(20).
17
Let v(u) = -3*u**2 + 99*u - 2694. What is v(28)?
-2274
Let g(i) = 2*i**3 - 27*i**2 + 107*i - 51. What is g(8)?
101
Let g(q) = -2*q**3 - 489*q**2 + 161*q - 20577. What is g(-245)?
3
Let u(g) = 2*g**2 - 982*g + 3892. Determine u(4).
-4
Let h(z) = 3*z**3 - 79*z**2 - 20*z + 42. Calculate h(27).
960
Let a(i) = 8981*i - 152679. Give a(17).
-2
Let a(q) = -3302*q + 8. Give a(0).
8
Let m(c) = -11*c**2 + 244*c + 7787. Determine m(40).
-53
Let w(a) = -13555*a - 935316. What is w(-69)?
-21
Let i(c) = c**2 + 72*c + 7. Determine i(-14).
-805
Let b(g) = -1827*g - 21586. What is b(-12)?
338
Let n(t) = -524*t**2 + 8078*t - 2. Calculate n(0).
-2
Let y(n) = 2054*n + 239960. What is y(-117)?
-358
Let x(h) = -h**2 - 11855*h + 83045. Determine x(7).
11
Let s(w) = -80*w + 1158. Give s(25).
-842
Let m(t) = -2*t**3 + 4150*t**2 + 58498*t + 80. Determine m(-14).
-4
Let n(f) = -f**3 - 356*f**2 - 713*f - 1747. What is n(-354)?
23
Let j(o) = -o**3 + 78*o**2 + 2207*o + 201. Determine j(100).
901
Let b(i) = i**2 + 347*i + 27482. What is b(-225)?
32
Let t(z) = -15932*z - 47786. Determine t(-3).
10
Let u(q) = -q**3 - 67*q**2 - 248*q - 7. Give u(-63).
-259
Let w(s) = s**2 - 534*s - 208568. What is w(-262)?
-16
Let h(y) = -5*y**2 - 270*y - 197. Give h(-42).
2323
Let a(r) = 10*r**3 + 61*r**2 + 15*r - 56. Give a(-7).
-602
Let a(y) = -13*y**2 + 230*y + 867. Give a(-4).
-261
Let c(z) = 9*z**2 - 255*z + 574. Give c(30).
1024
Let d(g) = -212*g + 17003. Give d(55).
5343
Let h(r) = -34*r**2 - 280*r - 24. What is h(9)?
-5298
Let j(q) = 547*q - 228101. Determine j(417).
-2
Let d(l) = -2*l**2 + 1291*l + 404920. Give d(-231).
-23
Let b(p) = 884*p**2 - 292610*p + 1989. What is b(331)?
3
Let o(j) = 23*j + 140. Calculate o(-6).
2
Let s(q) = -75*q - 2082. Determine s(-28).
18
Let k(v) = -v**3 - 61*v**2 + 314*v - 1052. Calculate k(-66).
4
Let f(g) = -g**3 - 15*g**2 - 37*g + 64. Calculate f(-11).
-13
Let a(u) = -29*u - 11868. What is a(-417)?
225
Let h(z) = z**3 - 17*z**2 + 1097*z - 13607. Calculate h(13).
-22
Let x(t) = t**3 - 47*t**2 + 588*t + 5462. Give x(-6).
26
Let i(g) = -6181*g + 111171. Determine i(18).
-87
Let g(r) = -3*r**3 + 21*r**2 + 366*r - 2732. What is g(8)?
4
Let j(p) = -376348*p - 2258099. Calculate j(-6).
-11
Let z(t) = 7*t**2 + 743*t + 7523. What is z(-11)?
197
Let q(g) = -296*g + 104. Give q(-7).
2176
Let f(t) = -220*t + 15103. Give f(69).
-77
Let x(g) = 10*g**3 + 1693*g**2 + 534*g + 4474. Calculate x(-169).
-89
Let g(o) = -420*o - 176455. What is g(-416)?
-1735
Let u(m) = 2*m**3 - 120*m**2 + 1751*m + 27. Give u(23).
1154
Let i(a) = -4049*a - 2457694. Determine i(-607).
49
Let z(m) = 3*m**2 - 402*m + 1834. What is z(128)?
-470
Let b(k) = 15*k**3 - 37*k**2 - 54*k + 298. Calculate b(5).
978
Let q(d) = -190494*d + 952468. Calculate q(5).
-2
Let t(s) = -s**2 - 212*s - 7351. Give t(-40).
-471
Let k(s) = -1594*s + 7157. What is k(4)?
781
Let v(i) = -12058*i + 108592. Give v(9).
70
Let t(x) = 5*x**2 - 424*x - 11665. Give t(106).
-429
Let r(w) = 2*w**3 + 20*w**2 + 787*w + 6908. Give r(-9).
-13
Let l(b) = -2*b**3 - b**2 + 103*b + 1475. What is l(12)?
-889
Let c(i) = 32*i**2 + 340*i + 1694. Give c(-5).
794
Let j(t) = 506*t**2 + 26*t - 25. What is j(2)?
2051
Let t(h) = 3581*h - 211254. What is t(59)?
25
Let h(t) = 67*t**3 - 16*t**2 - 34*t - 4. Give h(-3).
-1855
Let v(q) = q**3 - 244*q**2 - 1844*q + 21835. Determine v(251).
-2
Let k(r) = -2*r**3 - 45*r**2 + 173*r - 56. Determine k(8).
-2576
Let s(y) = y**3 + 24*y**2 - 12*y - 1676. Determine s(-21).
-101
Let b(d) = -8*d**2 - 1031*d + 5996. Give b(-135).
-619
Let k(a) = a**2 + 2834*a - 2593140. Determine k(728).
-4
Let m(y) = -2*y**2 - 8298*y + 242269. What is m(29)?
-55
Let j(n) = 402*n - 2773. What is j(7)?
41
Let y(a) = -a**3 - 265*a**2 - 1685*a - 446512. Determine y(-265).
13
Let m(q) = -22*q**3 + 60*q**2 + 900*q + 137. Give m(8).
-87
Let n(f) = f**3 - 96*f**2 - 250*f - 4629. Give n(99).
24
Let q(b) = -b**3 - 12*b**2 - 65*b - 162. Determine q(-10).
288
Let l(g) = 6301*g + 403265. What is l(-64)?
1
Let n(l) = -2*l**3 + l**2 + 62*l + 8. Determine n(8).
-456
Let c(g) = -6*g**2 - 22432*g + 134811. Calculate c(6).
3
Let k(q) = -2*q**3 + 61*q**2 - 194*q - 88. What is k(27)?
-223
Let z(m) = 2*m**2 - 67*m + 1157. Calculate z(23).
674
Let r(k) = 2*k**3 - 55*k**2 - 72*k. Give r(29).
435
Let a(k) = 5518*k - 2946608. Determine a(534).
4
Let u(x) = -4123*x + 931669. Determine u(226).
-129
Let i(s) = -12*s**3 + 173*s**2 - 187*s - 21. Calculate i(13).
421
Let d(h) = -102517*h - 512580. What is d(-5)?
5
Let h(d) = 2*d**2 + 240266*d - 961048. What is h(4)?
48
Let y(a) = -437*a**2 - 3850*a - 25. Determine y(-9).
-772
Let k(d) = -2358*d - 490491. Calculate k(-208).
-27
Let u(o) = -8*o**2 - 320*o - 4456. Calculate u(-14).
-1544
Let b(s) = 4*s**2 - 1930*s + 81708. Give b(47).
-166
Let k(d) = 1306*d**2 - 6210*d - 1594. Give k(5).
6
Let w(r) = -3*r**3 + 154*r**2 + 200*r - 38117. Determine w(47).
0
Let b(p) = -143*p - 17652. What is b(-122)?
-206
Let p(g) = -5245*g - 136365. Determine p(-26).
5
Let x(w) = 1173315*w + 9386499. What is x(-8)?
-21
Let n(h) = 3*h**2 - 12032*h - 1512549. Give n(-122).
7
Let j(z) = -620*z**3 + 111*z**2 - 114*z + 2. Determine j(1).
-621
Let i(w) = -w**3 + 242*w**2 - 609*w - 22415. Give i(239).
3397
Let b(q) = 29*q**2 + 20*q - 1280. Determine b(-7).
1
Let j(p) = 3*p**2 + 199*p + 4463. What is j(-30)?
1193
Let v(a) = 1433*a - 24397. Give v(17).
-36
Let f(t) = -49157*t + 3195226. Determine f(65).
21
Let m(o) = -62418*o - 748842. What is m(-12)?
174
Let q(h) = 103*h**3 - 9*h**2 + 10*h - 22. What is q(2)?
786
Let l(p) = 205*p**3 + 8*p**2 + 144*p + 138. Determine l(-1).
-203
Let h(j) = -182*j**3 + 3*j**2 - 90*j + 172. Determine h(2).
-1452
Let w(t) = 5*t**2 + 44*t + 9. Determine w(-14).
373
Let x(h) = h**3 - 5*h**2 - 510*h + 2568. Give x(5).
18
Let h(y) = 62*y**2 + 299*y + 1475. What is h(-5)?
1530
Let u(w) = 16*w**2 - 2753*w - 5472. Give u(174).
-78
Let z(x) = 48309*x - 1787456. Calculate z(37).
-23
Let c(m) = 327*m + 10915. What is c(-31)?
778
Let d(x) = x**3 - 11*x**2 + 7*x + 101. Determine d(4).
17
Let a(k) = -76*k**3 - 1678*k**2 - 138*k - 135. Calculate a(-22).
-3
Let i(u) = -u**3 - 45*u**2 - 1085*u - 33193. Calculate i(-39).
-4
Let d(v) = 5*v**2 - 147*v + 399. Determine d(31).
647
Let s(x) = 7*x**2 - 138*x + 688. Calculate s(5).
173
Let q(t) = 312453*t - 35307203. What is q(113)?
-14
Let g(u) = u**2 - 37*u + 459. Determine g(13).
147
Let x(n) = -63561*n - 190676. Determine x(-3).
7
Let z(l) = 147*l + 2465. What is z(-8)?
1289
Let b(w) = w**3 - 18*w**2 + 2088*w - 40025. What is b(19)?
8
Let o(z) = -33*z**3 + 21*z**2 + 925*z - 17. Determine o(-5).
8
Let c(t) = 21*t**2 + 4803*t - 1345. Give c(-229).
29
Let g(i) = 14*i**3 - 4141*i**2 - 881*i - 2108. Calculate g(296).
-36
Let w(n) = 2*n**3 - 313*n**2 - 469*n - 908. Determine w(158).
-118
Let i(y) = -503*y - 9697. Determine i(-17).
-1146
Let t(y) = -y**2 - 48*y + 119. Give t(17).
-986
Let x(r) = 34719*r - 1701232. Give x(49).
-1
Let y(r) = -3*r**3 + 20*r**2 - 1052*r + 8682. Calculate y(8).
10
Let b(d) = 240*d + 1577. Determine b(-13).
-1543
Let x(d) = -10420*d + 18941. What is x(2)?
-1899
Let t(j) = 4*j**3 - 236*j**2 + 1801*j - 42. What is t(50)?
8
Let g(q) = -25995*q - 415920. What is g(-16)?
0
Let o(z) = 4*z**3 + 12*z**2 + 449*z + 1362. Determine o(-3).
15
Let q(o) = -35*o**2 - 159*o - 391. Determine q(-3).
-229
Let c(j) = 977506*j + 4887530. Calculate c(-5).
0
Let h(c) = -21*c**2 + 5162*c +